f 186372?
True
Does 6 divide 944856?
True
Is 500598 a multiple of 406?
True
Does 24 divide 13620768?
True
Is 5295051 a multiple of 7?
False
Is 98 a factor of 827708?
True
Is 45444 a multiple of 42?
True
Is 119 a factor of 237703?
False
Is 28437015 a multiple of 19?
True
Is 709846 a multiple of 643?
False
Does 69 divide 1510851?
False
Is 47 a multiple of 40?
False
Is 21 a factor of 2357059?
False
Is 389980 a multiple of 10?
True
Is 3 a factor of 430488?
True
Is 3024958 a multiple of 8?
False
Is 187460 a multiple of 12?
False
Is 248 a factor of 612808?
True
Is 17 a factor of 364949?
False
Does 236 divide 621018?
False
Is 52430 a multiple of 245?
True
Is 18 a factor of 8662?
False
Is 181 a factor of 4326551?
False
Is 1057 a factor of 4581038?
True
Is 116197 a multiple of 4?
False
Is 261318 a multiple of 91?
False
Does 249 divide 241763?
False
Is 5936819 a multiple of 15?
False
Is 40 a factor of 281929?
False
Is 13 a factor of 2427241?
False
Does 55 divide 34107?
False
Is 6127970 a multiple of 49?
False
Is 1002217 a multiple of 71?
False
Does 364 divide 137956?
True
Is 88 a factor of 6651473?
False
Does 20 divide 83980?
True
Is 5147729 a multiple of 14?
False
Does 11 divide 118041?
True
Is 565020 a multiple of 43?
True
Is 6 a factor of 7464?
True
Is 785409 a multiple of 372?
False
Does 12 divide 27120?
True
Is 4110 a multiple of 30?
True
Does 42 divide 27673?
False
Is 11 a factor of 943283?
True
Is 261 a factor of 59247?
True
Is 20 a factor of 11662673?
False
Does 13 divide 97760?
True
Does 31 divide 1755?
False
Does 246 divide 154230?
False
Is 251 a factor of 72325?
False
Is 31 a factor of 1736571?
False
Is 390454 a multiple of 35?
False
Does 38 divide 4941863?
False
Is 29 a factor of 181830?
True
Does 14 divide 2863334?
False
Is 2064356 a multiple of 28?
True
Is 12 a factor of 103010?
False
Does 10 divide 468912?
False
Is 104 a factor of 7722546?
False
Does 77 divide 222684?
True
Is 112 a factor of 1438468?
False
Does 11 divide 2999315?
True
Is 509718 a multiple of 66?
True
Does 14 divide 184506?
True
Is 37 a factor of 17201?
False
Does 43 divide 252558?
False
Does 19 divide 342807?
False
Is 425304 a multiple of 188?
False
Is 475 a factor of 4491125?
True
Does 8 divide 1772667?
False
Is 4714611 a multiple of 33?
True
Is 3387675 a multiple of 2?
False
Is 18 a factor of 6099066?
True
Does 90 divide 523620?
True
Is 13 a factor of 98440?
False
Is 181842 a multiple of 33?
False
Is 63 a factor of 431928?
True
Is 19 a factor of 969984?
False
Does 13 divide 56173?
True
Is 207459 a multiple of 21?
True
Is 246330 a multiple of 238?
True
Is 365680 a multiple of 12?
False
Is 101 a factor of 2176247?
True
Is 334 a factor of 4828949?
False
Is 234 a factor of 987818?
False
Is 7194569 a multiple of 1167?
False
Does 32 divide 334812?
False
Is 335 a factor of 28608?
False
Is 74 a factor of 485427?
False
Does 78 divide 69431?
False
Is 113600 a multiple of 41?
False
Is 716537 a multiple of 13?
False
Does 64 divide 1508672?
True
Does 172 divide 3920396?
True
Does 54 divide 1260252?
True
Does 24 divide 2838240?
True
Does 508 divide 1096559?
False
Is 21 a factor of 78785?
False
Does 50 divide 485100?
True
Is 56241 a multiple of 27?
True
Does 280 divide 1071000?
True
Is 40 a factor of 1334485?
False
Is 330 a factor of 1054020?
True
Is 237458 a multiple of 18?
False
Does 7 divide 88999?
False
Is 919 a factor of 624517?
False
Does 37 divide 117770?
False
Does 43 divide 4969983?
True
Is 26 a factor of 4250564?
False
Is 3594220 a multiple of 20?
True
Does 1131 divide 5771493?
True
Does 104 divide 323652?
False
Does 231 divide 1479093?
True
Does 220 divide 172480?
True
Does 203 divide 133168?
True
Is 5054752 a multiple of 37?
False
Is 708750 a multiple of 375?
True
Does 10 divide 11624?
False
Is 228 a factor of 1699710?
False
Is 251990 a multiple of 223?
True
Does 419 divide 1421248?
True
Does 79 divide 235894?
True
Is 6 a factor of 161128?
False
Is 324 a factor of 473364?
True
Is 23238 a multiple of 2?
True
Is 17941 a multiple of 14?
False
Does 868 divide 6917888?
False
Does 302 divide 3102087?
False
Is 4076793 a multiple of 27?
False
Does 130 divide 275415?
False
Does 213 divide 187866?
True
Is 23 a factor of 224311?
False
Does 147 divide 336924?
True
Is 202923 a multiple of 21?
True
Does 658 divide 1254148?
True
Is 393960 a multiple of 30?
True
Is 25 a factor of 868720?
False
Is 19 a factor of 13109069?
True
Is 19304978 a multiple of 2499?
False
Is 316 a factor of 412399?
False
Is 247 a factor of 58539?
True
Is 1852272 a multiple of 38?
True
Is 929770 a multiple of 545?
True
Is 238914 a multiple of 78?
True
Does 47 divide 160383?
False
Is 5587323 a multiple of 597?
True
Is 15 a factor of 725414?
False
Is 1249890 a multiple of 610?
True
Is 65 a factor of 1350245?
True
Is 1077912 a multiple of 99?
True
Is 116274 a multiple of 18?
False
Does 599 divide 20303704?
True
Is 115 a factor of 18849?
False
Is 8 a factor of 130792?
True
Is 226 a factor of 7196677?
False
Does 64 divide 819625?
False
Is 47 a factor of 6830832?
False
Does 26 divide 1912918?
False
Does 61 divide 528483?
False
Does 651 divide 19053466?
False
Does 17 divide 294746?
True
Is 149 a factor of 243317?
True
Does 296 divide 205424?
True
Is 35 a factor of 25838?
False
Is 496813 a multiple of 66?
False
Does 3 divide 123289?
False
Is 27 a factor of 56080?
False
Does 10 divide 91170?
True
Is 4 a factor of 19036?
True
Is 27519048 a multiple of 216?
True
Is 7 a factor of 146984?
False
Is 9674096 a multiple of 48?
False
Does 308 divide 670516?
True
Does 102 divide 102714?
True
Is 281314 a multiple of 66?
False
Does 660 divide 46650?
False
Does 5 divide 587407?
False
Is 3732800 a multiple of 27?
False
Is 321030 a multiple of 58?
True
Is 2329273 a multiple of 231?
False
Is 846769 a multiple of 3?
False
Does 14 divide 323840?
False
Is 446 a factor of 1443256?
True
Is 1632195 a multiple of 747?
True
Is 2 a factor of 1771393?
False
Does 56 divide 69104?
True
Is 4258417 a multiple of 131?
True
Does 3 divide 162877?
False
Does 23 divide 3071223?
False
Is 9 a factor of 13514301?
True
Does 22 divide 4108324?
True
Is 324964 a multiple of 85?
False
Is 1937994 a multiple of 10?
False
Is 14 a factor of 1548666?
True
Is 160089 a multiple of 43?
True
Is 183341 a multiple of 4?
False
Does 15 divide 51015?
True
Is 34 a factor of 178984?
False
Is 5 a factor of 331967?
False
Is 125283 a multiple of 35?
False
Is 48 a factor of 198353?
False
Is 14 a factor of 4493?
False
Is 1336 a factor of 1973272?
True
Is 36489 a multiple of 366?
False
Does 175 divide 1110550?
True
Is 2836144 a multiple of 16?
True
Is 203 a factor of 8494332?
True
Does 177 divide 2005056?
True
Is 3469422 a multiple of 7?
False
Is 16 a factor of 62032?
True
Is 429 a factor of 2817672?
True
Does 82 divide 403030?
True
Is 2 a factor of 73233?
False
Is 113829 a multiple of 206?
False
Is 6 a factor of 51996?
True
Does 120 divide 159008?
False
Is 50 a factor of 287600?
True
Is 10 a factor of 2092540?
True
Does 5 divide 116283?
False
Is 141060 a multiple of 30?
True
Does 96 divide 885312?
True
Does 304 divide 532304?
True
Is 22 a factor of 328331?
False
Is 635 a factor of 422932?
False
Is 37 a factor of 999814?
True
Is 32840 a multiple of 109?
False
Does 87 divide 508776?
True
Does 33 divide 1062204?
True
Is 137840 a multiple of 16?
True
Does 88 divide 1658402?
False
Does 28 divide 249585?
False
Is 114010 a multiple of 33?
False
Does 16 divide 83392?
True
Is 5 a factor of 16135?
True
Is 13 a factor of 35668585?
False
Is 697 a factor of 1724045?
False
Does 25 divide 1150989?
False
Is 746 a factor of 7020206?
False
Is 14 a factor of 68768?
True
Is 10 a factor of 169700?
True
Is 632688 a multiple of 143?
False
Does 5 divide 162400?
True
Is 2 a factor of 103145?
False
Is 3121981 a multiple of 4?
False
Is 354560 a multiple of 5?
True
Is 207296 a multiple of 12?
False
Is 10 a factor of 4572591?
False
Does 2 divide 368069?
False
Does 8 divide 8441440?
True
Is 5352 even?
True
Is 181192 a multiple of 91?
False
Is 4682340 a multiple of 390?
True
Is 15 a factor of 163905?
True
Does 81 divide 124770?
False
Is 35 a factor of 239441?
False
Is 9 a factor of 992507?
False
Is 22 a factor of 13103772?
True
Is 212684 a multiple of 11?
False
Does 33 divide 3278220?
True
Does 66 divide 4345283